{"id":9865,"date":"2025-03-22T16:45:17","date_gmt":"2025-03-22T15:45:17","guid":{"rendered":"https:\/\/www.lesarcsenciel.fr\/AeC\/?page_id=9865"},"modified":"2025-06-22T11:04:42","modified_gmt":"2025-06-22T09:04:42","slug":"les-espaces-aeriens","status":"publish","type":"page","link":"https:\/\/www.lesarcsenciel.fr\/AeC\/outils\/les-espaces-aeriens\/","title":{"rendered":"Les espaces a\u00e9riens"},"content":{"rendered":"<p>Carte interactive du SIA (Service de l&rsquo;Information A\u00e9ronautique ) afin de visualiser les espaces a\u00e9riens.<\/p>\n<p><a href=\"https:\/\/www.sia.aviation-civile.gouv.fr\/vaipEx\/\" target=\"_blank\" rel=\"noopener\"><img alt=\"\" loading=\"lazy\" decoding=\"async\" class=\"alignnone size-medium wp-image-9872 aligncenter\" src=\"https:\/\/www.lesarcsenciel.fr\/AeC\/wp-content\/uploads\/2025\/03\/sia-1-300x151.jpg\" alt=\"\" width=\"300\" height=\"151\" srcset=\"https:\/\/www.lesarcsenciel.fr\/AeC\/wp-content\/uploads\/2025\/03\/sia-1-300x151.jpg 300w, https:\/\/www.lesarcsenciel.fr\/AeC\/wp-content\/uploads\/2025\/03\/sia-1-1024x516.jpg 1024w, https:\/\/www.lesarcsenciel.fr\/AeC\/wp-content\/uploads\/2025\/03\/sia-1-768x387.jpg 768w, https:\/\/www.lesarcsenciel.fr\/AeC\/wp-content\/uploads\/2025\/03\/sia-1.jpg 1065w\" sizes=\"auto, (max-width: 300px) 100vw, 300px\" \/><\/a><\/p>\n<p>Bertrand Iti\u00e9 membre des Aec et des Duck a fait une pr\u00e9sentation sur la r\u00e9glementation a\u00e9rienne au Duck.<\/p>\n<p><a href=\"https:\/\/www.lesarcsenciel.fr\/AeC\/wp-content\/uploads\/2025\/06\/Reglementation_aerienne.pdf\">T\u00e9l\u00e9charger le .pdf<\/a><\/p>\n<p><a href=\"https:\/\/www.youtube.com\/live\/xh6sK9Y4CHk\" target=\"_blank\" rel=\"noopener\"><img alt=\"\" loading=\"lazy\" decoding=\"async\" class=\"alignnone size-medium wp-image-9882 aligncenter\" src=\"https:\/\/www.lesarcsenciel.fr\/AeC\/wp-content\/uploads\/2025\/03\/reglementation-300x171.jpg\" alt=\"\" width=\"300\" height=\"171\" srcset=\"https:\/\/www.lesarcsenciel.fr\/AeC\/wp-content\/uploads\/2025\/03\/reglementation-300x171.jpg 300w, https:\/\/www.lesarcsenciel.fr\/AeC\/wp-content\/uploads\/2025\/03\/reglementation.jpg 650w\" sizes=\"auto, (max-width: 300px) 100vw, 300px\" \/><\/a><\/p>\n<p>&nbsp;<\/p>\n","protected":false},"excerpt":{"rendered":"<p>Carte interactive du SIA (Service de l&rsquo;Information A\u00e9ronautique ) afin de visualiser les espaces a\u00e9riens. Bertrand Iti\u00e9 membre des Aec et des Duck a fait une pr\u00e9sentation sur la r\u00e9glementation a\u00e9rienne au Duck. T\u00e9l\u00e9charger le .pdf &nbsp;<\/p>\n","protected":false},"author":2,"featured_media":0,"parent":9662,"menu_order":0,"comment_status":"closed","ping_status":"closed","template":"","meta":{"_seopress_robots_primary_cat":"","_seopress_titles_title":"","_seopress_titles_desc":"","_seopress_robots_index":"","footnotes":""},"class_list":["post-9865","page","type-page","status-publish","hentry"],"_links":{"self":[{"href":"https:\/\/www.lesarcsenciel.fr\/AeC\/wp-json\/wp\/v2\/pages\/9865","targetHints":{"allow":["GET"]}}],"collection":[{"href":"https:\/\/www.lesarcsenciel.fr\/AeC\/wp-json\/wp\/v2\/pages"}],"about":[{"href":"https:\/\/www.lesarcsenciel.fr\/AeC\/wp-json\/wp\/v2\/types\/page"}],"author":[{"embeddable":true,"href":"https:\/\/www.lesarcsenciel.fr\/AeC\/wp-json\/wp\/v2\/users\/2"}],"replies":[{"embeddable":true,"href":"https:\/\/www.lesarcsenciel.fr\/AeC\/wp-json\/wp\/v2\/comments?post=9865"}],"version-history":[{"count":14,"href":"https:\/\/www.lesarcsenciel.fr\/AeC\/wp-json\/wp\/v2\/pages\/9865\/revisions"}],"predecessor-version":[{"id":9943,"href":"https:\/\/www.lesarcsenciel.fr\/AeC\/wp-json\/wp\/v2\/pages\/9865\/revisions\/9943"}],"up":[{"embeddable":true,"href":"https:\/\/www.lesarcsenciel.fr\/AeC\/wp-json\/wp\/v2\/pages\/9662"}],"wp:attachment":[{"href":"https:\/\/www.lesarcsenciel.fr\/AeC\/wp-json\/wp\/v2\/media?parent=9865"}],"curies":[{"name":"wp","href":"https:\/\/api.w.org\/{rel}","templated":true}]}}

Les espaces aériens

<p>Carte interactive du SIA (Service de l&rsquo;Information Aéronautique ) afin de visualiser les espaces aériens.</p>
<p><a href="https://www.sia.aviation-civile.gouv.fr/vaipEx/" target="_blank" rel="noopener"><img alt="" loading="lazy" decoding="async" class="alignnone size-medium wp-image-9872 aligncenter" src="https://www.lesarcsenciel.fr/AeC/wp-content/uploads/2025/03/sia-1-300x151.jpg" alt="" width="300" height="151" srcset="https://www.lesarcsenciel.fr/AeC/wp-content/uploads/2025/03/sia-1-300x151.jpg 300w, https://www.lesarcsenciel.fr/AeC/wp-content/uploads/2025/03/sia-1-1024x516.jpg 1024w, https://www.lesarcsenciel.fr/AeC/wp-content/uploads/2025/03/sia-1-768x387.jpg 768w, https://www.lesarcsenciel.fr/AeC/wp-content/uploads/2025/03/sia-1.jpg 1065w" sizes="auto, (max-width: 300px) 100vw, 300px" /></a></p>
<p>Bertrand Itié membre des Aec et des Duck a fait une présentation sur la réglementation aérienne au Duck.</p>
<p><a href="https://www.lesarcsenciel.fr/AeC/wp-content/uploads/2025/06/Reglementation_aerienne.pdf">Télécharger le .pdf</a></p>
<p><a href="https://www.youtube.com/live/xh6sK9Y4CHk" target="_blank" rel="noopener"><img alt="" loading="lazy" decoding="async" class="alignnone size-medium wp-image-9882 aligncenter" src="https://www.lesarcsenciel.fr/AeC/wp-content/uploads/2025/03/reglementation-300x171.jpg" alt="" width="300" height="171" srcset="https://www.lesarcsenciel.fr/AeC/wp-content/uploads/2025/03/reglementation-300x171.jpg 300w, https://www.lesarcsenciel.fr/AeC/wp-content/uploads/2025/03/reglementation.jpg 650w" sizes="auto, (max-width: 300px) 100vw, 300px" /></a></p>
<p>&nbsp;</p>

<p>Carte interactive du SIA (Service de l&rsquo;Information Aéronautique ) afin de visualiser les espaces aériens. Bertrand Itié membre des Aec et des Duck a fait une présentation sur la réglementation aérienne au Duck. Télécharger le .pdf &nbsp;</p>
