{"id":7791,"date":"2018-07-08T17:58:15","date_gmt":"2018-07-08T16:58:15","guid":{"rendered":"http:\/\/lesarcsenciel.fr\/AeC\/?page_id=7791"},"modified":"2025-06-22T11:07:21","modified_gmt":"2025-06-22T09:07:21","slug":"rapaces-et-vols-libres","status":"publish","type":"page","link":"https:\/\/www.lesarcsenciel.fr\/AeC\/outils\/rapaces-et-vols-libres\/","title":{"rendered":"Rapaces et vols libres"},"content":{"rendered":"<p>Pour la pr\u00e9servation de la la Biodiversit\u00e9, des zones esp\u00e8ces ont des r\u00e8gles particuli\u00e8res.<\/p>\n<p>Cliquer sur une \u00ab\u00a0Zone esp\u00e8ce\u00a0\u00bb (en vert) pour en connaitre ses r\u00e8gles.<\/p>\n<p>Vous pouvez t\u00e9l\u00e9charger<a href=\"https:\/\/biodiv-sports.fr\/api\/fr\/sensitiveareas\/openair\"> ici<\/a> les zones au format openair pour vos instruments de vol.<\/p>\n<p><iframe loading=\"lazy\" src=\"https:\/\/biodivsports-widget.lpo-aura.org\/map.html?apiUrl=https:\/\/biodiv-sports.fr\/api\/v2\/sensitivearea\/?format=geojson&amp;no_page=1&amp;language=fr&amp;practices=3\" width=\"100%\" height=\"700\" frameborder=\"0\"><\/iframe><\/p>\n<p>&nbsp;<\/p>\n<p>2 cartes Rapaces et Vol Libre ont \u00e9t\u00e9 \u00e9dit\u00e9es pour les 2 massifs autour de Voreppe :<\/p>\n<p><a href=\"https:\/\/www.lesarcsenciel.fr\/AeC\/wp-content\/uploads\/2018\/07\/VL_ChartreuseWEB.pdf\" target=\"_blank\" rel=\"noopener\">Vol Libre et Rapaces Chartreuse<\/a><\/p>\n<p><a href=\"https:\/\/www.lesarcsenciel.fr\/AeC\/wp-content\/uploads\/2018\/07\/VL_Vercorsweb.pdf\" target=\"_blank\" rel=\"noopener\">Vol Libre et Rapaces Vercors<\/a><\/p>\n","protected":false},"excerpt":{"rendered":"<p>Pour la pr\u00e9servation de la la Biodiversit\u00e9, des zones esp\u00e8ces ont des r\u00e8gles particuli\u00e8res. Cliquer sur une \u00ab\u00a0Zone esp\u00e8ce\u00a0\u00bb (en vert) pour en connaitre ses r\u00e8gles. Vous pouvez t\u00e9l\u00e9charger ici les zones au format openair pour vos instruments de vol. &nbsp; 2 cartes Rapaces et Vol Libre ont \u00e9t\u00e9 \u00e9dit\u00e9es pour les 2 massifs autour &hellip; <\/p>\n<p class=\"link-more\"><a href=\"https:\/\/www.lesarcsenciel.fr\/AeC\/outils\/rapaces-et-vols-libres\/\" class=\"more-link\">Continuer la lecture<span class=\"screen-reader-text\"> de &laquo;&nbsp;Rapaces et vols libres&nbsp;&raquo;<\/span><\/a><\/p>\n","protected":false},"author":2,"featured_media":0,"parent":9662,"menu_order":0,"comment_status":"closed","ping_status":"closed","template":"","meta":{"_seopress_robots_primary_cat":"","_seopress_titles_title":"","_seopress_titles_desc":"","_seopress_robots_index":"","footnotes":""},"class_list":["post-7791","page","type-page","status-publish","hentry"],"_links":{"self":[{"href":"https:\/\/www.lesarcsenciel.fr\/AeC\/wp-json\/wp\/v2\/pages\/7791","targetHints":{"allow":["GET"]}}],"collection":[{"href":"https:\/\/www.lesarcsenciel.fr\/AeC\/wp-json\/wp\/v2\/pages"}],"about":[{"href":"https:\/\/www.lesarcsenciel.fr\/AeC\/wp-json\/wp\/v2\/types\/page"}],"author":[{"embeddable":true,"href":"https:\/\/www.lesarcsenciel.fr\/AeC\/wp-json\/wp\/v2\/users\/2"}],"replies":[{"embeddable":true,"href":"https:\/\/www.lesarcsenciel.fr\/AeC\/wp-json\/wp\/v2\/comments?post=7791"}],"version-history":[{"count":12,"href":"https:\/\/www.lesarcsenciel.fr\/AeC\/wp-json\/wp\/v2\/pages\/7791\/revisions"}],"predecessor-version":[{"id":10009,"href":"https:\/\/www.lesarcsenciel.fr\/AeC\/wp-json\/wp\/v2\/pages\/7791\/revisions\/10009"}],"up":[{"embeddable":true,"href":"https:\/\/www.lesarcsenciel.fr\/AeC\/wp-json\/wp\/v2\/pages\/9662"}],"wp:attachment":[{"href":"https:\/\/www.lesarcsenciel.fr\/AeC\/wp-json\/wp\/v2\/media?parent=7791"}],"curies":[{"name":"wp","href":"https:\/\/api.w.org\/{rel}","templated":true}]}}

<p>Pour la préservation de la la Biodiversité, des zones espèces ont des règles particulières.</p>
<p>Cliquer sur une « Zone espèce » (en vert) pour en connaitre ses règles.</p>
<p>Vous pouvez télécharger<a href="https://biodiv-sports.fr/api/fr/sensitiveareas/openair"> ici</a> les zones au format openair pour vos instruments de vol.</p>
<p><iframe loading="lazy" src="https://biodivsports-widget.lpo-aura.org/map.html?apiUrl=https://biodiv-sports.fr/api/v2/sensitivearea/?format=geojson&amp;no_page=1&amp;language=fr&amp;practices=3" width="100%" height="700" frameborder="0"></iframe></p>
<p>&nbsp;</p>
<p>2 cartes Rapaces et Vol Libre ont été éditées pour les 2 massifs autour de Voreppe :</p>
<p><a href="https://www.lesarcsenciel.fr/AeC/wp-content/uploads/2018/07/VL_ChartreuseWEB.pdf" target="_blank" rel="noopener">Vol Libre et Rapaces Chartreuse</a></p>
<p><a href="https://www.lesarcsenciel.fr/AeC/wp-content/uploads/2018/07/VL_Vercorsweb.pdf" target="_blank" rel="noopener">Vol Libre et Rapaces Vercors</a></p>

<p>Pour la préservation de la la Biodiversité, des zones espèces ont des règles particulières. Cliquer sur une « Zone espèce » (en vert) pour en connaitre ses règles. Vous pouvez télécharger ici les zones au format openair pour vos instruments de vol. &nbsp; 2 cartes Rapaces et Vol Libre ont été éditées pour les 2 massifs autour &hellip; </p>
<p class="link-more"><a href="https://www.lesarcsenciel.fr/AeC/outils/rapaces-et-vols-libres/" class="more-link">Continuer la lecture<span class="screen-reader-text"> de &laquo;&nbsp;Rapaces et vols libres&nbsp;&raquo;</span></a></p>
