{"id":2123,"date":"2012-06-17T20:36:09","date_gmt":"2012-06-17T19:36:09","guid":{"rendered":"http:\/\/lesarcsenciel.fr\/AeC\/?page_id=2123"},"modified":"2026-02-06T22:07:06","modified_gmt":"2026-02-06T21:07:06","slug":"infos-et-contacts","status":"publish","type":"page","link":"https:\/\/www.lesarcsenciel.fr\/AeC\/infos-et-contacts\/","title":{"rendered":"Infos et Contacts"},"content":{"rendered":"<h2>Contacter le club<\/h2>\n<p><a href=\"mailto:contact@lesarcsenciel.fr\">contact@lesarcsenciel.fr<\/a><\/p>\n<h2>Venez nous voir<\/h2>\n<p><iframe loading=\"lazy\" style=\"border: 1px solid black;\" src=\"https:\/\/www.openstreetmap.org\/export\/embed.html?bbox=4.3149%2C45.0658%2C6.4709%2C45.9168&amp;layer=mapnik&amp;marker=45.29659970786549%2C5.634763240814209\" width=\"425\" height=\"350\" frameborder=\"0\" marginwidth=\"0\" marginheight=\"0\" scrolling=\"no\"><\/iframe><\/p>\n<p>R\u00e9unions mensuelles les premiers mercredis du mois, \u00e0 20h00 (\u00e0 l&rsquo;exception du mois d&rsquo;aout).<br \/>\nElles ont lieu \u00e0 Voreppe, \u00e0 la Salle Xavier Jouvin, 9 rue Xavier Jouvin (\u00e0 l\u2019intersection avec l&rsquo;avenue de Stalingrad).<\/p>\n<p><iframe loading=\"lazy\" style=\"border: 1px solid black;\" src=\"https:\/\/www.openstreetmap.org\/export\/embed.html?bbox=5.63176989555359%2C45.29546763771297%2C5.637756586074829%2C45.29772798196356&amp;layer=mapnik&amp;marker=45.29659970786549%2C5.634763240814209\" width=\"425\" height=\"350\" frameborder=\"0\" marginwidth=\"0\" marginheight=\"0\" scrolling=\"no\"><\/iframe><\/p>\n<p><small><a href=\"http:\/\/www.openstreetmap.org\/?mlat=45.29660&amp;mlon=5.63476#map=18\/45.29660\/5.63476\" target=\"_blank\" rel=\"noopener noreferrer\">Afficher une carte plus grande<\/a><\/small><\/p>\n<h2>Informations Pratiques<\/h2>\n<p>Association Les Arcs En Ciel n\u00b0 FFVL : 03750<\/p>\n<p>Adresse : 1 Place Charles de Gaulle 38340 Voreppe<\/p>\n<p><em>Composition du bureau de l\u2019association :<\/em><\/p>\n<ul>\n<li>Pr\u00e9sident : Claire RAMBOZ \/\u00a0 Vice : Sandra ANTONY<\/li>\n<li>Secr\u00e9taire : Juliette GUICHARD \/ Adjoints : Julien BUSTOS &#8211; Thierry HUBERT<\/li>\n<li>Tr\u00e9sorier : Guillaume THOMAS \/ Adjoints: Fr\u00e9d\u00e9ric BRIATTE\u2013Xavier COURBON<\/li>\n<li>Animateur S\u00e9curit\u00e9 : Arthur MEYER \/ Adjoint : Cyrille ZMUDA<\/li>\n<\/ul>\n<p>Gestion du site :<\/p>\n<ul>\n<li>Directeur de publication : Claire RAMBOZ<\/li>\n<li>Responsable de r\u00e9daction : Nicolas GERIN<\/li>\n<li>Webmaster : Herv\u00e9 HOLLARD<\/li>\n<li>H\u00e9bergeur : OVH<\/li>\n<\/ul>\n","protected":false},"excerpt":{"rendered":"<p>Contacter le club contact@lesarcsenciel.fr Venez nous voir R\u00e9unions mensuelles les premiers mercredis du mois, \u00e0 20h00 (\u00e0 l&rsquo;exception du mois d&rsquo;aout). Elles ont lieu \u00e0 Voreppe, \u00e0 la Salle Xavier Jouvin, 9 rue Xavier Jouvin (\u00e0 l\u2019intersection avec l&rsquo;avenue de Stalingrad). Afficher une carte plus grande Informations Pratiques Association Les Arcs En Ciel n\u00b0 FFVL &hellip; <\/p>\n<p class=\"link-more\"><a href=\"https:\/\/www.lesarcsenciel.fr\/AeC\/infos-et-contacts\/\" class=\"more-link\">Continuer la lecture<span class=\"screen-reader-text\"> de &laquo;&nbsp;Infos et Contacts&nbsp;&raquo;<\/span><\/a><\/p>\n","protected":false},"author":2,"featured_media":34,"parent":0,"menu_order":9,"comment_status":"closed","ping_status":"open","template":"","meta":{"_seopress_robots_primary_cat":"","_seopress_titles_title":"","_seopress_titles_desc":"","_seopress_robots_index":"","footnotes":""},"class_list":["post-2123","page","type-page","status-publish","has-post-thumbnail","hentry"],"_links":{"self":[{"href":"https:\/\/www.lesarcsenciel.fr\/AeC\/wp-json\/wp\/v2\/pages\/2123","targetHints":{"allow":["GET"]}}],"collection":[{"href":"https:\/\/www.lesarcsenciel.fr\/AeC\/wp-json\/wp\/v2\/pages"}],"about":[{"href":"https:\/\/www.lesarcsenciel.fr\/AeC\/wp-json\/wp\/v2\/types\/page"}],"author":[{"embeddable":true,"href":"https:\/\/www.lesarcsenciel.fr\/AeC\/wp-json\/wp\/v2\/users\/2"}],"replies":[{"embeddable":true,"href":"https:\/\/www.lesarcsenciel.fr\/AeC\/wp-json\/wp\/v2\/comments?post=2123"}],"version-history":[{"count":10,"href":"https:\/\/www.lesarcsenciel.fr\/AeC\/wp-json\/wp\/v2\/pages\/2123\/revisions"}],"predecessor-version":[{"id":10239,"href":"https:\/\/www.lesarcsenciel.fr\/AeC\/wp-json\/wp\/v2\/pages\/2123\/revisions\/10239"}],"wp:featuredmedia":[{"embeddable":true,"href":"https:\/\/www.lesarcsenciel.fr\/AeC\/wp-json\/wp\/v2\/media\/34"}],"wp:attachment":[{"href":"https:\/\/www.lesarcsenciel.fr\/AeC\/wp-json\/wp\/v2\/media?parent=2123"}],"curies":[{"name":"wp","href":"https:\/\/api.w.org\/{rel}","templated":true}]}}

<h2>Contacter le club</h2>
<p><a href="mailto:contact@lesarcsenciel.fr">contact@lesarcsenciel.fr</a></p>
<h2>Venez nous voir</h2>
<p><iframe loading="lazy" style="border: 1px solid black;" src="https://www.openstreetmap.org/export/embed.html?bbox=4.3149%2C45.0658%2C6.4709%2C45.9168&amp;layer=mapnik&amp;marker=45.29659970786549%2C5.634763240814209" width="425" height="350" frameborder="0" marginwidth="0" marginheight="0" scrolling="no"></iframe></p>
<p>Réunions mensuelles les premiers mercredis du mois, à 20h00 (à l&rsquo;exception du mois d&rsquo;aout).<br />
Elles ont lieu à Voreppe, à la Salle Xavier Jouvin, 9 rue Xavier Jouvin (à l’intersection avec l&rsquo;avenue de Stalingrad).</p>
<p><iframe loading="lazy" style="border: 1px solid black;" src="https://www.openstreetmap.org/export/embed.html?bbox=5.63176989555359%2C45.29546763771297%2C5.637756586074829%2C45.29772798196356&amp;layer=mapnik&amp;marker=45.29659970786549%2C5.634763240814209" width="425" height="350" frameborder="0" marginwidth="0" marginheight="0" scrolling="no"></iframe></p>
<p><small><a href="http://www.openstreetmap.org/?mlat=45.29660&amp;mlon=5.63476#map=18/45.29660/5.63476" target="_blank" rel="noopener noreferrer">Afficher une carte plus grande</a></small></p>
<h2>Informations Pratiques</h2>
<p>Association Les Arcs En Ciel n° FFVL : 03750</p>
<p>Adresse : 1 Place Charles de Gaulle 38340 Voreppe</p>
<p><em>Composition du bureau de l’association :</em></p>
<ul>
<li>Président : Claire RAMBOZ /  Vice : Sandra ANTONY</li>
<li>Secrétaire : Juliette GUICHARD / Adjoints : Julien BUSTOS &#8211; Thierry HUBERT</li>
<li>Trésorier : Guillaume THOMAS / Adjoints: Frédéric BRIATTE–Xavier COURBON</li>
<li>Animateur Sécurité : Arthur MEYER / Adjoint : Cyrille ZMUDA</li>
</ul>
<p>Gestion du site :</p>
<ul>
<li>Directeur de publication : Claire RAMBOZ</li>
<li>Responsable de rédaction : Nicolas GERIN</li>
<li>Webmaster : Hervé HOLLARD</li>
<li>Hébergeur : OVH</li>
</ul>

<p>Contacter le club contact@lesarcsenciel.fr Venez nous voir Réunions mensuelles les premiers mercredis du mois, à 20h00 (à l&rsquo;exception du mois d&rsquo;aout). Elles ont lieu à Voreppe, à la Salle Xavier Jouvin, 9 rue Xavier Jouvin (à l’intersection avec l&rsquo;avenue de Stalingrad). Afficher une carte plus grande Informations Pratiques Association Les Arcs En Ciel n° FFVL &hellip; </p>
<p class="link-more"><a href="https://www.lesarcsenciel.fr/AeC/infos-et-contacts/" class="more-link">Continuer la lecture<span class="screen-reader-text"> de &laquo;&nbsp;Infos et Contacts&nbsp;&raquo;</span></a></p>
