{"id":2116,"date":"2012-06-17T20:10:18","date_gmt":"2012-06-17T19:10:18","guid":{"rendered":"http:\/\/lesarcsenciel.fr\/AeC\/?page_id=2116"},"modified":"2025-03-22T16:34:42","modified_gmt":"2025-03-22T15:34:42","slug":"ou-voler","status":"publish","type":"page","link":"https:\/\/www.lesarcsenciel.fr\/AeC\/ou-voler\/","title":{"rendered":"O\u00f9 voler"},"content":{"rendered":"<table border=\"0\">\n<tbody>\n<tr>\n<td><a href=\"https:\/\/www.lesarcsenciel.fr\/AeC\/wp-content\/uploads\/2012\/06\/ou_voler.png\"><img alt=\"\" loading=\"lazy\" decoding=\"async\" class=\"alignleft size-full wp-image-2045\" style=\"border-right: 20px solid white;\" src=\"\/AeC\/wp-content\/uploads\/2012\/06\/ou_voler.png\" alt=\"\" width=\"360\" height=\"402\" \/><\/a><\/td>\n<td valign=\"top\">\n<h2>Pr\u00e9sentation G\u00e9n\u00e9rale<\/h2>\n<p>Le club des Arcs-en-Ciel de Voreppe g\u00e8re officiellement les sites de Chalais et Montaud. Nous fr\u00e9quentons \u00e9galement le site du Grand-Ratz, g\u00e9r\u00e9 par le club des Buses du Grand Ratz. Il existe bien entendu de nombreux autres sites dans notre belle r\u00e9gion propice \u00e0 la pratique du parapente.<\/p>\n<ul>\n<li><a href=\"\/AeC\/ou-voler\/montaud-2\/\"><strong>Montaud<\/strong><\/a><\/li>\n<li><a href=\"\/AeC\/ou-voler\/chalais-2\/\"><strong>Chalais<\/strong><\/a><\/li>\n<li><a href=\"\/AeC\/ou-voler\/le-grand-ratz\"><strong>Le Grand Ratz<\/strong><\/a><\/li>\n<\/ul>\n<p>Si vous constatez une anomalie sur un des sites ou balises g\u00e9rer par le club, envoyer un mail \u00e0: <a href=\"mailto:site_et_balise@lesarcsenciel.fr\">site_et_balise@lesarcsenciel.fr<\/a><\/td>\n<\/tr>\n<\/tbody>\n<\/table>\n<table border=\"0\">\n<tbody>\n<tr>\n<td>\n<h2>CTR TMA ZIT<\/h2>\n<p><img loading=\"lazy\" decoding=\"async\" class=\"alignnone size-full wp-image-9860\" src=\"https:\/\/www.lesarcsenciel.fr\/AeC\/wp-content\/uploads\/2025\/03\/TMA.jpg\" alt=\"Carte\" width=\"938\" height=\"918\" srcset=\"https:\/\/www.lesarcsenciel.fr\/AeC\/wp-content\/uploads\/2025\/03\/TMA.jpg 938w, https:\/\/www.lesarcsenciel.fr\/AeC\/wp-content\/uploads\/2025\/03\/TMA-300x294.jpg 300w, https:\/\/www.lesarcsenciel.fr\/AeC\/wp-content\/uploads\/2025\/03\/TMA-768x752.jpg 768w\" sizes=\"auto, (max-width: 767px) 89vw, (max-width: 1000px) 54vw, (max-width: 1071px) 543px, 580px\" \/><\/p>\n<p>&nbsp;<\/p>\n<p><a href=\"\/AeC\/wp-content\/uploads\/2012\/06\/CTR-TMA-ZIT-T.-Billon.jpg\"><img alt=\"\" decoding=\"async\" class=\"alignleft size-large wp-image-4322\" src=\"\/AeC\/wp-content\/uploads\/2012\/06\/CTR-TMA-ZIT-T.-Billon-1024x690.jpg\" alt=\"\" width=\"938\" \/><\/a><\/td>\n<\/tr>\n<\/tbody>\n<\/table>\n<p>&nbsp;<\/p>\n","protected":false},"excerpt":{"rendered":"<p>Pr\u00e9sentation G\u00e9n\u00e9rale Le club des Arcs-en-Ciel de Voreppe g\u00e8re officiellement les sites de Chalais et Montaud. Nous fr\u00e9quentons \u00e9galement le site du Grand-Ratz, g\u00e9r\u00e9 par le club des Buses du Grand Ratz. Il existe bien entendu de nombreux autres sites dans notre belle r\u00e9gion propice \u00e0 la pratique du parapente. Montaud Chalais Le Grand Ratz &hellip; <\/p>\n<p class=\"link-more\"><a href=\"https:\/\/www.lesarcsenciel.fr\/AeC\/ou-voler\/\" class=\"more-link\">Continuer la lecture<span class=\"screen-reader-text\"> de &laquo;&nbsp;O\u00f9 voler&nbsp;&raquo;<\/span><\/a><\/p>\n","protected":false},"author":2,"featured_media":0,"parent":0,"menu_order":3,"comment_status":"closed","ping_status":"open","template":"","meta":{"_seopress_robots_primary_cat":"","_seopress_titles_title":"","_seopress_titles_desc":"","_seopress_robots_index":"","footnotes":""},"class_list":["post-2116","page","type-page","status-publish","hentry"],"_links":{"self":[{"href":"https:\/\/www.lesarcsenciel.fr\/AeC\/wp-json\/wp\/v2\/pages\/2116","targetHints":{"allow":["GET"]}}],"collection":[{"href":"https:\/\/www.lesarcsenciel.fr\/AeC\/wp-json\/wp\/v2\/pages"}],"about":[{"href":"https:\/\/www.lesarcsenciel.fr\/AeC\/wp-json\/wp\/v2\/types\/page"}],"author":[{"embeddable":true,"href":"https:\/\/www.lesarcsenciel.fr\/AeC\/wp-json\/wp\/v2\/users\/2"}],"replies":[{"embeddable":true,"href":"https:\/\/www.lesarcsenciel.fr\/AeC\/wp-json\/wp\/v2\/comments?post=2116"}],"version-history":[{"count":8,"href":"https:\/\/www.lesarcsenciel.fr\/AeC\/wp-json\/wp\/v2\/pages\/2116\/revisions"}],"predecessor-version":[{"id":9862,"href":"https:\/\/www.lesarcsenciel.fr\/AeC\/wp-json\/wp\/v2\/pages\/2116\/revisions\/9862"}],"wp:attachment":[{"href":"https:\/\/www.lesarcsenciel.fr\/AeC\/wp-json\/wp\/v2\/media?parent=2116"}],"curies":[{"name":"wp","href":"https:\/\/api.w.org\/{rel}","templated":true}]}}

Où voler

<table border="0">
<tbody>
<tr>
<td><a href="https://www.lesarcsenciel.fr/AeC/wp-content/uploads/2012/06/ou_voler.png"><img alt="" loading="lazy" decoding="async" class="alignleft size-full wp-image-2045" style="border-right: 20px solid white;" src="/AeC/wp-content/uploads/2012/06/ou_voler.png" alt="" width="360" height="402" /></a></td>
<td valign="top">
<h2>Présentation Générale</h2>
<p>Le club des Arcs-en-Ciel de Voreppe gère officiellement les sites de Chalais et Montaud. Nous fréquentons également le site du Grand-Ratz, géré par le club des Buses du Grand Ratz. Il existe bien entendu de nombreux autres sites dans notre belle région propice à la pratique du parapente.</p>
<ul>
<li><a href="/AeC/ou-voler/montaud-2/"><strong>Montaud</strong></a></li>
<li><a href="/AeC/ou-voler/chalais-2/"><strong>Chalais</strong></a></li>
<li><a href="/AeC/ou-voler/le-grand-ratz"><strong>Le Grand Ratz</strong></a></li>
</ul>
<p>Si vous constatez une anomalie sur un des sites ou balises gérer par le club, envoyer un mail à: <a href="mailto:site_et_balise@lesarcsenciel.fr">site_et_balise@lesarcsenciel.fr</a></td>
</tr>
</tbody>
</table>
<table border="0">
<tbody>
<tr>
<td>
<h2>CTR TMA ZIT</h2>
<p><img loading="lazy" decoding="async" class="alignnone size-full wp-image-9860" src="https://www.lesarcsenciel.fr/AeC/wp-content/uploads/2025/03/TMA.jpg" alt="Carte" width="938" height="918" srcset="https://www.lesarcsenciel.fr/AeC/wp-content/uploads/2025/03/TMA.jpg 938w, https://www.lesarcsenciel.fr/AeC/wp-content/uploads/2025/03/TMA-300x294.jpg 300w, https://www.lesarcsenciel.fr/AeC/wp-content/uploads/2025/03/TMA-768x752.jpg 768w" sizes="auto, (max-width: 767px) 89vw, (max-width: 1000px) 54vw, (max-width: 1071px) 543px, 580px" /></p>
<p>&nbsp;</p>
<p><a href="/AeC/wp-content/uploads/2012/06/CTR-TMA-ZIT-T.-Billon.jpg"><img alt="" decoding="async" class="alignleft size-large wp-image-4322" src="/AeC/wp-content/uploads/2012/06/CTR-TMA-ZIT-T.-Billon-1024x690.jpg" alt="" width="938" /></a></td>
</tr>
</tbody>
</table>
<p>&nbsp;</p>

<p>Présentation Générale Le club des Arcs-en-Ciel de Voreppe gère officiellement les sites de Chalais et Montaud. Nous fréquentons également le site du Grand-Ratz, géré par le club des Buses du Grand Ratz. Il existe bien entendu de nombreux autres sites dans notre belle région propice à la pratique du parapente. Montaud Chalais Le Grand Ratz &hellip; </p>
<p class="link-more"><a href="https://www.lesarcsenciel.fr/AeC/ou-voler/" class="more-link">Continuer la lecture<span class="screen-reader-text"> de &laquo;&nbsp;Où voler&nbsp;&raquo;</span></a></p>
